*z. Calculate the greatest common factor of 6 and z.
3
Let k = 33 + -31. Suppose 0 = k*i + 23 - 29. Let x be ((-11)/i)/((-2)/6). What is the greatest common divisor of 1 and x?
1
Suppose -60*t + 597 = -403 - 320. What is the greatest common factor of 902 and t?
22
Let h be ((-77)/21)/(-11) + 5156/12. Suppose -2*o + h - 86 = u, 0 = 5*u - o - 1720. What is the highest common divisor of 8 and u?
8
Suppose -3*c + 2511 = 3*i, -c + 894*i = 896*i - 844. What is the highest common factor of 1826 and c?
166
Suppose -17*i + 24*i + 14385 = 0. Let t be 1/(-4 - i/513). What is the greatest common factor of t and 9?
9
Let n = 42 + 12. Suppose 0 = 8*r - 3*r + 3*z - 15, 2*r = 2*z - 10. Suppose 2*h - 5*y - 17 = -r*y, -y = 4*h - 23. What is the highest common factor of h and n?
6
Suppose -2*g = s - 84, -4*g = 3*s - 2*s - 92. Let d = s - 58. Suppose 5*h = -25, 0 = -m - m + 2*h + d. What is the highest common factor of m and 6?
2
Suppose -10*n + 186519 = 183639. Calculate the highest common divisor of 2286 and n.
18
Suppose 78*w - 2123 = 539 + 1628. Calculate the greatest common divisor of 370 and w.
5
Suppose -2*i + 11 + 11 = 0. Let f = -30691 - -30900. Calculate the highest common factor of f and i.
11
Let u(x) = 4*x**2 + 498*x - 5634. Let n be u(-135). Let r(p) = -18*p. Let c be r(-3). What is the greatest common factor of n and c?
18
Let n be ((-1)/(1/(-726)) - -8) + 2. What is the greatest common divisor of 64 and n?
32
Suppose 255*o = 263*o - 3744. Let s = -333 + o. Calculate the greatest common divisor of s and 189.
27
Suppose 3*w + q = 192, 2*q - 5*q = 3*w - 192. Let s be 161/3 - 1/(-3). Let j = -46 + s. Calculate the highest common factor of j and w.
8
Suppose -6*u = -n - 4*u + 12, 0 = -n - 2*u - 4. Suppose 431 - 47 = n*m. Calculate the highest common factor of m and 48.
48
Let p(a) = -227*a + 6057. Let y be p(26). What is the greatest common factor of y and 248?
31
Suppose 93539 = 30*n - 4*n - 31391. What is the highest common factor of n and 5?
5
Let l = -23 + 62. Let x(s) = -32 - 8*s + 10*s + s. Let t be x(15). What is the highest common factor of l and t?
13
Suppose 4*f - 1524 = -4*z, 4*z - 4*f - 787 - 745 = 0. Let d = 384 - z. What is the greatest common divisor of 62 and d?
2
Suppose 298*g - 174*g - 3348 = 0. Suppose 139 = t - 104. What is the greatest common divisor of g and t?
27
Suppose -19*m + 8*m = 82 - 1534. Calculate the greatest common factor of 836 and m.
44
Let s be (4/2 + -6)*-7. Suppose 4*q - s = 2*o, -3*q - q + 4 = 4*o. Suppose -q*a + a + 20 = 0. What is the highest common factor of 55 and a?
5
Suppose -93*n + 40432 = 40*n. What is the greatest common divisor of 12 and n?
4
Suppose -15 = 3*v - 6, -3*v = -5*l + 2674. Suppose 25 = 5*z - 2*q - l, -4*z + 443 = -5*q. Calculate the highest common divisor of 70 and z.
14
Suppose -3785 - 175 = -8*m - 3*m. What is the highest common divisor of m and 225?
45
Let s(a) = -a**3 + 7*a**2 - 5*a + 3. Let o be s(5). Let q = -202081 - -202319. Calculate the highest common divisor of q and o.
14
Suppose -7*d - 3*d = -21550. Suppose -125 - d = -12*w. What is the highest common divisor of w and 38?
38
Suppose q = -2*l + 2716, l - 5*q = -q + 1349. Calculate the greatest common divisor of 177 and l.
59
Suppose 12*x = -4*p + 16*x + 64, -3*p - 2*x + 48 = 0. What is the highest common factor of 176 and p?
16
Suppose -38*v + v = 0. Suppose -3*f - 4*t = -v*t - 50, 4*f + 2*t = 70. What is the greatest common factor of f and 288?
18
Let s = -179 + 235. Suppose 9 = t + 58. Let v = s + t. Calculate the greatest common factor of v and 7.
7
Suppose -10*n + 13*n - 105 = 3*b, 0 = n + b - 27. What is the highest common divisor of 10726 and n?
31
Suppose -m = -v - 6 + 7, -5*m + 10 = 0. What is the greatest common factor of v and 1671?
3
Let v be (-10)/6*-3*77/35. Suppose 0 = v*d - 2*d. Suppose 0 = -n + 2*h + 54, d*n - 213 = -4*n + 5*h. What is the highest common divisor of 130 and n?
26
Let v(b) = b**2 + 5*b + 1. Let s be v(-4). Let y be (1 - -2)*(5 + 14/s). Let a be (20/(-15))/(y - 8/6). What is the highest common divisor of a and 2?
2
Let z be -3 - (5 + -6) - -69. Suppose -71*g + 264 = -z*g. What is the greatest common factor of 30 and g?
6
Let s be (-19502)/(-28) - (4/(-6) - 7/(-6)). What is the greatest common divisor of 312 and s?
24
Suppose -70*n = -139*n - 160*n + 2748. What is the greatest common divisor of n and 6?
6
Let k(n) = -2*n**3 + 15*n**2 - 5*n + 15. Let y be k(6). Let w = y - 88. Suppose w*x - 926 + 246 = 0. Calculate the greatest common divisor of 17 and x.
17
Let q(d) = -1772*d - 5130. Let h be q(-3). Calculate the highest common divisor of h and 33573.
93
Let k be (3 - 3)/((2 - -4) + -4). Suppose k = 2*q - 118 + 76. Suppose q*r = 41 + 169. Calculate the greatest common divisor of 25 and r.
5
Let r(x) = 561*x**2 + 217*x + 216. Let w be r(-1). What is the greatest common factor of 1232 and w?
112
Let m be 516285/315 - 11/(2 - 3). What is the greatest common factor of m and 450?
150
Suppose 12*m - 17*m - 5*r + 380 = 0, 3*m - 227 = -2*r. Calculate the greatest common divisor of 1 and m.
1
Suppose -c - 3*z = 3*c, -c = -4*z. Suppose c = -35*k + 3277 + 3758. Calculate the highest common divisor of 3 and k.
3
Let s(v) = 5*v**2 - 43*v + 135. Let p be s(9). Let h(y) = -18*y - 3. Let j be h(-3). Suppose u - j = -2*u. What is the greatest common factor of p and u?
17
Let m(y) = -y + 5. Let i be m(3). Suppose -i*d + 37 + 71 = 0. Let h = d + -53. What is the greatest common divisor of 5 and h?
1
Suppose 28*s = -29*s + 37*s + 2440. Calculate the highest common divisor of 5429 and s.
61
Let x(f) = -f**3 + 45*f**2 + 55*f - 277. Let w be x(46). What is the highest common factor of w and 5617?
137
Let h = -78 - -103. Suppose -16 = h*l - 27*l. Let c(r) = -r**3 - r**2 + r + 12. Let y be c(0). Calculate the greatest common divisor of l and y.
4
Let z(a) = a**2 - 7*a + 6. Let v be z(8). Let y be (v/(-28))/((-1)/6). Suppose -4*j = -y*j - 26. Calculate the highest common divisor of j and 65.
13
Let q(z) = 130*z**2 + 583*z - 14. Let s be q(-12). Calculate the greatest common divisor of s and 10.
10
Suppose -1150 = -5*k - 5*k. Let t = -104 + k. What is the highest common divisor of t and 649?
11
Suppose 12*o - 90 = 9*o. Let y be (0 + 107 - -1) + (32 - o). Let i = y + -23. Calculate the highest common factor of 29 and i.
29
Suppose -3*n + 30 = -n - 4*j, 2*n + 15 = -5*j. Let f = n + -2. Calculate the highest common divisor of 12 and f.
3
Let a = -122 + 105. Let g be ((-33)/9)/(a/1581). Calculate the highest common divisor of g and 11.
11
Let n = 8 - -21. Suppose 3*f - 5*x - 32 = 0, -3*f + n = -5*x + 3*x. Suppose c + f = 4*c, i - 93 = -2*c. What is the highest common factor of i and 29?
29
Let l be (-1)/(1/47*-1). Suppose 0 = -5*u + 4*s + 1521 + 359, 5*s = 3*s. What is the greatest common divisor of u and l?
47
Let z = -3753 - -3851. What is the greatest common divisor of z and 1617?
49
Let f(w) = 19*w + 558. Let j be f(-29). Calculate the highest common divisor of j and 33.
1
Suppose 4*g = 4*s - 480, 5*s + 2*g - 256 = 344. Suppose 0 = -907*d + 910*d - s. What is the greatest common factor of d and 440?
40
Suppose 5*v = -105*v + 6475 + 14975. Let b be (2 - 1)/((-3)/(-117)). Calculate the greatest common factor of v and b.
39
Let t(p) = -364*p - 35. Let b be t(-1). Let a = -280 + b. What is the highest common divisor of 28 and a?
7
Suppose -2*i = -10*i - 16. Let l be i/1 + 664/4. Let u = l + -110. Calculate the highest common factor of 18 and u.
18
Let h be (1 + 74/2)/((-26)/(-65)). Suppose -14*f + 129 = -h. What is the highest common divisor of 8 and f?
8
Suppose -4*r + 246 = 5*d, 3*r - 4*d - 29 = 171. Calculate the highest common factor of 108 and r.
4
Suppose 0 = 6*c - 2003 - 1303. What is the greatest common divisor of 57 and c?
19
Let c = 7415 - -6347. Calculate the greatest common factor of c and 14.
14
Let b be ((-1474)/(-402))/(2 - (-479)/(-240)). Let h = -480 + b. Calculate the highest common factor of h and 25.
25
Suppose 10440 = -14*f + 43*f. What is the greatest common factor of 2070 and f?
90
Let u = -2878 + 2919. What is the highest common divisor of 5207 and u?
41
Suppose 6*d - 251 = -239. Suppose d*g - 42 = -2*x, 12*x = -4*g + 17*x + 39. Calculate the highest common factor of 40 and g.
8
Let o be -3*((-18)/(-6) +